{"id":1209,"date":"2022-12-14T22:53:06","date_gmt":"2022-12-14T21:53:06","guid":{"rendered":"https:\/\/sppp.bialystok.pl\/?page_id=1209"},"modified":"2022-12-14T23:03:36","modified_gmt":"2022-12-14T22:03:36","slug":"wsparcie-dla-dzieci-z-ukrainy-i-ich-rodzicow-opiekunow","status":"publish","type":"page","link":"https:\/\/sppp.bialystok.pl\/?page_id=1209","title":{"rendered":"WSPARCIE DLA DZIECI Z UKRAINY I ICH RODZIC\u00d3W (OPIEKUN\u00d3W)"},"content":{"rendered":"<p><strong> <img loading=\"lazy\" decoding=\"async\" class=\"size-full wp-image-1225 aligncenter\" src=\"https:\/\/serwer1711885.home.pl\/autoinstalator\/wordpress3\/wp-content\/uploads\/1-2-e1671054638796.jpg\" alt=\"\" width=\"650\" height=\"230\" srcset=\"https:\/\/serwer1711885.home.pl\/autoinstalator\/wordpress3\/wp-content\/uploads\/1-2-e1671054638796.jpg 650w, https:\/\/serwer1711885.home.pl\/autoinstalator\/wordpress3\/wp-content\/uploads\/1-2-e1671054638796-300x106.jpg 300w, https:\/\/serwer1711885.home.pl\/autoinstalator\/wordpress3\/wp-content\/uploads\/1-2-e1671054638796-600x212.jpg 600w\" sizes=\"auto, (max-width: 650px) 100vw, 650px\" \/><br \/>\n<\/strong><\/p>\n<p>Specjalistyczna Poradnia Psychologiczno-Pedagogiczna dla Dzieci i M\u0142odzie\u017cy z Zaburzeniami Emocjonalnymi w Bia\u0142ymstoku we wsp\u00f3\u0142pracy z M\u0142odzie\u017cowym Domem Kultury w Bia\u0142ymstoku przeprowadzi\u0142a pod koniec listopada 2022 roku warsztaty pod tytu\u0142em ,,Kartka \u015bwi\u0105teczna dla przyjaciela z Ukrainy\u201d. Dzieci i m\u0142odzie\u017c z pracowni plastycznej\u00a0 Inspiracje mia\u0142a mo\u017cliwo\u015b\u0107 pozna\u0107 nowe techniki,\u00a0 rozwin\u0105\u0107 swoj\u0105 kreatywno\u015b\u0107, wyobra\u017ani\u0119 tworz\u0105c kartki z wykorzystaniem r\u00f3\u017cnorodnych materia\u0142\u00f3w i narz\u0119dzi. Spotkanie poprowadzi\u0142a pani psycholog Joanna D\u0105browska-Pastwa. Efektem pracy by\u0142y pi\u0119kne, wielokolorowe, przestrzenne kartki \u015bwi\u0105teczne, kt\u00f3re zostan\u0105 przekazane rodzinom uchod\u017ac\u00f3w.\u00a0 W zaj\u0119ciach bra\u0142y udzia\u0142\u00a0 dziewczynki zar\u00f3wno z Polski jak i Ukrainy, co sprzyja\u0142o integracji dzieci.\u00a0 Wszyscy uczestnicy byli bardzo zaanga\u017cowani, tw\u00f3rczy, co mo\u017cemy zobaczy\u0107 na za\u0142\u0105czonych zdj\u0119ciach.\u00a0 Warsztaty przeprowadzono w ramach projektu UNICEF dla ka\u017cdego dziecka.<\/p>\n<p>&nbsp;<\/p>\n<hr \/>\n<p style=\"text-align: center;\"><strong>Przy wsparciu Funduszu Narod\u00f3w Zjednoczonych na Rzecz Dzieci (UNICEF)<\/strong><\/p>\n<p style=\"text-align: center;\"><strong>\u0417\u0430 \u043f\u0456\u0434\u0442\u0440\u0438\u043c\u043a\u0438 \u0414\u0438\u0442\u044f\u0447\u043e\u0433\u043e \u0444\u043e\u043d\u0434\u0443 \u041e\u041e\u041d (\u042e\u041d\u0406\u0421\u0415\u0424)<\/strong><\/p>\n<p>Formy pomocy i wsparcia w rozwi\u0105zywaniu problem\u00f3w adaptacji, integracji, pokonywania kryzys\u00f3w emocjonalnych i spo\u0142ecznych.<\/p>\n<ol>\n<li>Konsultacje dla rodzin posiadaj\u0105cych dzieci w wieku 5-19 lat, kt\u00f3re przyby\u0142y do Bia\u0142egostoku z Ukrainy i prze\u017cywaj\u0105 kryzys- zgodnie z zapotrzebowaniem.<\/li>\n<li>Prowadzenie warsztat\u00f3w dla dzieci, rodzic\u00f3w z elementami muzykoterapii, arteterapii, pedagogiki zabawy, technik relaksacyjnych.<\/li>\n<li>Wsparcie nauczycieli w zakresie adaptacji dzieci z Ukrainy w \u015brodowisku szkolnym i poza szkolnym w formie warsztat\u00f3w i konsultacji indywidualnych.<\/li>\n<\/ol>\n<p>Kontakt: Specjalistyczna Poradnia psychologiczno-Pedagogiczna dla Dzieci i M\u0142odzie\u017cy z Zaburzeniami Emocjonalnymi ul. Mickiewicza 31\/2<\/p>\n<p>tel. 85-7328-666<\/p>\n<div id='gallery-1' class='gallery galleryid-1209 gallery-columns-3 gallery-size-large'><dl class='gallery-item'>\n\t\t\t<dt class='gallery-icon landscape'>\n\t\t\t<figure class=\"animated-overlay\"><img decoding=\"async\" src=\"https:\/\/serwer1711885.home.pl\/autoinstalator\/wordpress3\/wp-content\/uploads\/20221125_185230.jpg\" alt=\"\" \/><a href=\"https:\/\/sppp.bialystok.pl\/?attachment_id=1210\"><\/a><figcaption><div class=\"thumb-info thumb-info-alt\"><i class=\"ss-search\"><\/i><\/div><\/figcaption><\/figure>\n\t\t\t<\/dt><\/dl><dl class='gallery-item'>\n\t\t\t<dt class='gallery-icon portrait'>\n\t\t\t<figure class=\"animated-overlay\"><img decoding=\"async\" src=\"https:\/\/serwer1711885.home.pl\/autoinstalator\/wordpress3\/wp-content\/uploads\/20221126_122144.jpg\" alt=\"\" \/><a href=\"https:\/\/sppp.bialystok.pl\/?attachment_id=1211\"><\/a><figcaption><div class=\"thumb-info thumb-info-alt\"><i class=\"ss-search\"><\/i><\/div><\/figcaption><\/figure>\n\t\t\t<\/dt><\/dl><dl class='gallery-item'>\n\t\t\t<dt class='gallery-icon portrait'>\n\t\t\t<figure class=\"animated-overlay\"><img decoding=\"async\" src=\"https:\/\/serwer1711885.home.pl\/autoinstalator\/wordpress3\/wp-content\/uploads\/20221126_123055.jpg\" alt=\"\" \/><a href=\"https:\/\/sppp.bialystok.pl\/?attachment_id=1212\"><\/a><figcaption><div class=\"thumb-info thumb-info-alt\"><i class=\"ss-search\"><\/i><\/div><\/figcaption><\/figure>\n\t\t\t<\/dt><\/dl><dl class='gallery-item'>\n\t\t\t<dt class='gallery-icon landscape'>\n\t\t\t<figure class=\"animated-overlay\"><img decoding=\"async\" src=\"https:\/\/serwer1711885.home.pl\/autoinstalator\/wordpress3\/wp-content\/uploads\/20221126_122136.jpg\" alt=\"\" \/><a href=\"https:\/\/sppp.bialystok.pl\/?attachment_id=1213\"><\/a><figcaption><div class=\"thumb-info thumb-info-alt\"><i class=\"ss-search\"><\/i><\/div><\/figcaption><\/figure>\n\t\t\t<\/dt><\/dl><dl class='gallery-item'>\n\t\t\t<dt class='gallery-icon landscape'>\n\t\t\t<figure class=\"animated-overlay\"><img decoding=\"async\" src=\"https:\/\/serwer1711885.home.pl\/autoinstalator\/wordpress3\/wp-content\/uploads\/20221126_122301.jpg\" alt=\"\" \/><a href=\"https:\/\/sppp.bialystok.pl\/?attachment_id=1214\"><\/a><figcaption><div class=\"thumb-info thumb-info-alt\"><i class=\"ss-search\"><\/i><\/div><\/figcaption><\/figure>\n\t\t\t<\/dt><\/dl><dl class='gallery-item'>\n\t\t\t<dt class='gallery-icon portrait'>\n\t\t\t<figure class=\"animated-overlay\"><img decoding=\"async\" src=\"https:\/\/serwer1711885.home.pl\/autoinstalator\/wordpress3\/wp-content\/uploads\/20221126_123039.jpg\" alt=\"\" \/><a href=\"https:\/\/sppp.bialystok.pl\/?attachment_id=1215\"><\/a><figcaption><div class=\"thumb-info thumb-info-alt\"><i class=\"ss-search\"><\/i><\/div><\/figcaption><\/figure>\n\t\t\t<\/dt><\/dl><dl class='gallery-item'>\n\t\t\t<dt class='gallery-icon portrait'>\n\t\t\t<figure class=\"animated-overlay\"><img decoding=\"async\" src=\"https:\/\/serwer1711885.home.pl\/autoinstalator\/wordpress3\/wp-content\/uploads\/20221125_185225.jpg\" alt=\"\" \/><a href=\"https:\/\/sppp.bialystok.pl\/?attachment_id=1216\"><\/a><figcaption><div class=\"thumb-info thumb-info-alt\"><i class=\"ss-search\"><\/i><\/div><\/figcaption><\/figure>\n\t\t\t<\/dt><\/dl><dl class='gallery-item'>\n\t\t\t<dt class='gallery-icon portrait'>\n\t\t\t<figure class=\"animated-overlay\"><img decoding=\"async\" src=\"https:\/\/serwer1711885.home.pl\/autoinstalator\/wordpress3\/wp-content\/uploads\/20221126_122422.jpg\" alt=\"\" \/><a href=\"https:\/\/sppp.bialystok.pl\/?attachment_id=1217\"><\/a><figcaption><div class=\"thumb-info thumb-info-alt\"><i class=\"ss-search\"><\/i><\/div><\/figcaption><\/figure>\n\t\t\t<\/dt><\/dl><dl class='gallery-item'>\n\t\t\t<dt class='gallery-icon portrait'>\n\t\t\t<figure class=\"animated-overlay\"><img decoding=\"async\" src=\"https:\/\/serwer1711885.home.pl\/autoinstalator\/wordpress3\/wp-content\/uploads\/20221126_122427.jpg\" alt=\"\" \/><a href=\"https:\/\/sppp.bialystok.pl\/?attachment_id=1218\"><\/a><figcaption><div class=\"thumb-info thumb-info-alt\"><i class=\"ss-search\"><\/i><\/div><\/figcaption><\/figure>\n\t\t\t<\/dt><\/dl><dl class='gallery-item'>\n\t\t\t<dt class='gallery-icon portrait'>\n\t\t\t<figure class=\"animated-overlay\"><img decoding=\"async\" src=\"https:\/\/serwer1711885.home.pl\/autoinstalator\/wordpress3\/wp-content\/uploads\/20221126_122310.jpg\" alt=\"\" \/><a href=\"https:\/\/sppp.bialystok.pl\/?attachment_id=1219\"><\/a><figcaption><div class=\"thumb-info thumb-info-alt\"><i class=\"ss-search\"><\/i><\/div><\/figcaption><\/figure>\n\t\t\t<\/dt><\/dl><dl class='gallery-item'>\n\t\t\t<dt class='gallery-icon portrait'>\n\t\t\t<figure class=\"animated-overlay\"><img decoding=\"async\" src=\"https:\/\/serwer1711885.home.pl\/autoinstalator\/wordpress3\/wp-content\/uploads\/20221126_122451.jpg\" alt=\"\" \/><a href=\"https:\/\/sppp.bialystok.pl\/?attachment_id=1220\"><\/a><figcaption><div class=\"thumb-info thumb-info-alt\"><i class=\"ss-search\"><\/i><\/div><\/figcaption><\/figure>\n\t\t\t<\/dt><\/dl><dl class='gallery-item'>\n\t\t\t<dt class='gallery-icon portrait'>\n\t\t\t<figure class=\"animated-overlay\"><img decoding=\"async\" src=\"https:\/\/serwer1711885.home.pl\/autoinstalator\/wordpress3\/wp-content\/uploads\/20221126_122844.jpg\" alt=\"\" \/><a href=\"https:\/\/sppp.bialystok.pl\/?attachment_id=1221\"><\/a><figcaption><div class=\"thumb-info thumb-info-alt\"><i class=\"ss-search\"><\/i><\/div><\/figcaption><\/figure>\n\t\t\t<\/dt><\/dl><dl class='gallery-item'>\n\t\t\t<dt class='gallery-icon portrait'>\n\t\t\t<figure class=\"animated-overlay\"><img decoding=\"async\" src=\"https:\/\/serwer1711885.home.pl\/autoinstalator\/wordpress3\/wp-content\/uploads\/20221126_122855.jpg\" alt=\"\" \/><a href=\"https:\/\/sppp.bialystok.pl\/?attachment_id=1222\"><\/a><figcaption><div class=\"thumb-info thumb-info-alt\"><i class=\"ss-search\"><\/i><\/div><\/figcaption><\/figure>\n\t\t\t<\/dt><\/dl><dl class='gallery-item'>\n\t\t\t<dt class='gallery-icon portrait'>\n\t\t\t<figure class=\"animated-overlay\"><img decoding=\"async\" src=\"https:\/\/serwer1711885.home.pl\/autoinstalator\/wordpress3\/wp-content\/uploads\/20221126_122940.jpg\" alt=\"\" \/><a href=\"https:\/\/sppp.bialystok.pl\/?attachment_id=1223\"><\/a><figcaption><div class=\"thumb-info thumb-info-alt\"><i class=\"ss-search\"><\/i><\/div><\/figcaption><\/figure>\n\t\t\t<\/dt><\/dl><dl class='gallery-item'>\n\t\t\t<dt class='gallery-icon portrait'>\n\t\t\t<figure class=\"animated-overlay\"><img decoding=\"async\" src=\"https:\/\/serwer1711885.home.pl\/autoinstalator\/wordpress3\/wp-content\/uploads\/20221126_123018.jpg\" alt=\"\" \/><a href=\"https:\/\/sppp.bialystok.pl\/?attachment_id=1224\"><\/a><figcaption><div class=\"thumb-info thumb-info-alt\"><i class=\"ss-search\"><\/i><\/div><\/figcaption><\/figure>\n\t\t\t<\/dt><\/dl>\n\t\t<br style='clear: both;' \/>\n\t\t<\/div>\n\n","protected":false},"excerpt":{"rendered":"<p>Specjalistyczna Poradnia Psychologiczno-Pedagogiczna dla Dzieci i M\u0142odzie\u017cy z Zaburzeniami Emocjonalnymi w Bia\u0142ymstoku we wsp\u00f3\u0142pracy z M\u0142odzie\u017cowym Domem Kultury w Bia\u0142ymstoku przeprowadzi\u0142a pod koniec listopada 2022 roku warsztaty pod tytu\u0142em ,,Kartka \u015bwi\u0105teczna dla przyjaciela z Ukrainy\u201d. Dzieci i m\u0142odzie\u017c z pracowni plastycznej\u00a0 Inspiracje mia\u0142a mo\u017cliwo\u015b\u0107 pozna\u0107 nowe techniki,\u00a0 rozwin\u0105\u0107 swoj\u0105 kreatywno\u015b\u0107, wyobra\u017ani\u0119 tworz\u0105c kartki z wykorzystaniem r\u00f3\u017cnorodnych materia\u0142\u00f3w i narz\u0119dzi. Spotkanie [&hellip;]<\/p>\n","protected":false},"author":1,"featured_media":0,"parent":0,"menu_order":0,"comment_status":"closed","ping_status":"closed","template":"","meta":{"footnotes":""},"class_list":["post-1209","page","type-page","status-publish","hentry"],"yoast_head":"<!-- This site is optimized with the Yoast SEO plugin v27.4 - https:\/\/yoast.com\/product\/yoast-seo-wordpress\/ -->\n<title>WSPARCIE DLA DZIECI Z UKRAINY I ICH RODZIC\u00d3W (OPIEKUN\u00d3W) - SPECJALISTYCZNA PORADNIA PSYCHOLOGICZNO-PEDAGOGICZNA DLA DZIECI I M\u0141ODZIE\u017bY Z ZABURZENIAMI EMOCJONALNYMI<\/title>\n<meta name=\"robots\" content=\"index, follow, max-snippet:-1, max-image-preview:large, max-video-preview:-1\" \/>\n<link rel=\"canonical\" href=\"https:\/\/sppp.bialystok.pl\/?page_id=1209\" \/>\n<meta property=\"og:locale\" content=\"pl_PL\" \/>\n<meta property=\"og:type\" content=\"article\" \/>\n<meta property=\"og:title\" content=\"WSPARCIE DLA DZIECI Z UKRAINY I ICH RODZIC\u00d3W (OPIEKUN\u00d3W) - SPECJALISTYCZNA PORADNIA PSYCHOLOGICZNO-PEDAGOGICZNA DLA DZIECI I M\u0141ODZIE\u017bY Z ZABURZENIAMI EMOCJONALNYMI\" \/>\n<meta property=\"og:description\" content=\"Specjalistyczna Poradnia Psychologiczno-Pedagogiczna dla Dzieci i M\u0142odzie\u017cy z Zaburzeniami Emocjonalnymi w Bia\u0142ymstoku we wsp\u00f3\u0142pracy z M\u0142odzie\u017cowym Domem Kultury w Bia\u0142ymstoku przeprowadzi\u0142a pod koniec listopada 2022 roku warsztaty pod tytu\u0142em ,,Kartka \u015bwi\u0105teczna dla przyjaciela z Ukrainy\u201d. Dzieci i m\u0142odzie\u017c z pracowni plastycznej\u00a0 Inspiracje mia\u0142a mo\u017cliwo\u015b\u0107 pozna\u0107 nowe techniki,\u00a0 rozwin\u0105\u0107 swoj\u0105 kreatywno\u015b\u0107, wyobra\u017ani\u0119 tworz\u0105c kartki z wykorzystaniem r\u00f3\u017cnorodnych materia\u0142\u00f3w i narz\u0119dzi. Spotkanie [&hellip;]\" \/>\n<meta property=\"og:url\" content=\"https:\/\/sppp.bialystok.pl\/?page_id=1209\" \/>\n<meta property=\"og:site_name\" content=\"SPECJALISTYCZNA PORADNIA PSYCHOLOGICZNO-PEDAGOGICZNA DLA DZIECI I M\u0141ODZIE\u017bY Z ZABURZENIAMI EMOCJONALNYMI\" \/>\n<meta property=\"article:modified_time\" content=\"2022-12-14T22:03:36+00:00\" \/>\n<meta property=\"og:image\" content=\"https:\/\/serwer1711885.home.pl\/autoinstalator\/wordpress3\/wp-content\/uploads\/20221125_185230.jpg\" \/>\n<meta name=\"twitter:card\" content=\"summary_large_image\" \/>\n<meta name=\"twitter:label1\" content=\"Szacowany czas czytania\" \/>\n\t<meta name=\"twitter:data1\" content=\"2 minuty\" \/>\n<script type=\"application\/ld+json\" class=\"yoast-schema-graph\">{\"@context\":\"https:\\\/\\\/schema.org\",\"@graph\":[{\"@type\":\"WebPage\",\"@id\":\"https:\\\/\\\/sppp.bialystok.pl\\\/?page_id=1209\",\"url\":\"https:\\\/\\\/sppp.bialystok.pl\\\/?page_id=1209\",\"name\":\"WSPARCIE DLA DZIECI Z UKRAINY I ICH RODZIC\u00d3W (OPIEKUN\u00d3W) - SPECJALISTYCZNA PORADNIA PSYCHOLOGICZNO-PEDAGOGICZNA DLA DZIECI I M\u0141ODZIE\u017bY Z ZABURZENIAMI EMOCJONALNYMI\",\"isPartOf\":{\"@id\":\"https:\\\/\\\/sppp.bialystok.pl\\\/#website\"},\"primaryImageOfPage\":{\"@id\":\"https:\\\/\\\/sppp.bialystok.pl\\\/?page_id=1209#primaryimage\"},\"image\":{\"@id\":\"https:\\\/\\\/sppp.bialystok.pl\\\/?page_id=1209#primaryimage\"},\"thumbnailUrl\":\"https:\\\/\\\/serwer1711885.home.pl\\\/autoinstalator\\\/wordpress3\\\/wp-content\\\/uploads\\\/1-2-e1671054638796.jpg\",\"datePublished\":\"2022-12-14T21:53:06+00:00\",\"dateModified\":\"2022-12-14T22:03:36+00:00\",\"breadcrumb\":{\"@id\":\"https:\\\/\\\/sppp.bialystok.pl\\\/?page_id=1209#breadcrumb\"},\"inLanguage\":\"pl-PL\",\"potentialAction\":[{\"@type\":\"ReadAction\",\"target\":[\"https:\\\/\\\/sppp.bialystok.pl\\\/?page_id=1209\"]}]},{\"@type\":\"ImageObject\",\"inLanguage\":\"pl-PL\",\"@id\":\"https:\\\/\\\/sppp.bialystok.pl\\\/?page_id=1209#primaryimage\",\"url\":\"https:\\\/\\\/serwer1711885.home.pl\\\/autoinstalator\\\/wordpress3\\\/wp-content\\\/uploads\\\/1-2-e1671054638796.jpg\",\"contentUrl\":\"https:\\\/\\\/serwer1711885.home.pl\\\/autoinstalator\\\/wordpress3\\\/wp-content\\\/uploads\\\/1-2-e1671054638796.jpg\"},{\"@type\":\"BreadcrumbList\",\"@id\":\"https:\\\/\\\/sppp.bialystok.pl\\\/?page_id=1209#breadcrumb\",\"itemListElement\":[{\"@type\":\"ListItem\",\"position\":1,\"name\":\"Strona g\u0142\u00f3wna\",\"item\":\"https:\\\/\\\/sppp.bialystok.pl\\\/\"},{\"@type\":\"ListItem\",\"position\":2,\"name\":\"WSPARCIE DLA DZIECI Z UKRAINY I ICH RODZIC\u00d3W (OPIEKUN\u00d3W)\"}]},{\"@type\":\"WebSite\",\"@id\":\"https:\\\/\\\/sppp.bialystok.pl\\\/#website\",\"url\":\"https:\\\/\\\/sppp.bialystok.pl\\\/\",\"name\":\"SPECJALISTYCZNA PORADNIA PSYCHOLOGICZNO-PEDAGOGICZNA DLA DZIECI I M\u0141ODZIE\u017bY Z ZABURZENIAMI EMOCJONALNYMI\",\"description\":\"\",\"publisher\":{\"@id\":\"https:\\\/\\\/sppp.bialystok.pl\\\/#organization\"},\"potentialAction\":[{\"@type\":\"SearchAction\",\"target\":{\"@type\":\"EntryPoint\",\"urlTemplate\":\"https:\\\/\\\/sppp.bialystok.pl\\\/?s={search_term_string}\"},\"query-input\":{\"@type\":\"PropertyValueSpecification\",\"valueRequired\":true,\"valueName\":\"search_term_string\"}}],\"inLanguage\":\"pl-PL\"},{\"@type\":\"Organization\",\"@id\":\"https:\\\/\\\/sppp.bialystok.pl\\\/#organization\",\"name\":\"SPECJALISTYCZNA PORADNIA PSYCHOLOGICZNO-PEDAGOGICZNA DLA DZIECI I M\u0141ODZIE\u017bY Z ZABURZENIAMI EMOCJONALNYMI\",\"url\":\"https:\\\/\\\/sppp.bialystok.pl\\\/\",\"logo\":{\"@type\":\"ImageObject\",\"inLanguage\":\"pl-PL\",\"@id\":\"https:\\\/\\\/sppp.bialystok.pl\\\/#\\\/schema\\\/logo\\\/image\\\/\",\"url\":\"https:\\\/\\\/serwer1711885.home.pl\\\/autoinstalator\\\/wordpress3\\\/wp-content\\\/uploads\\\/admin-ajax.php_.png\",\"contentUrl\":\"https:\\\/\\\/serwer1711885.home.pl\\\/autoinstalator\\\/wordpress3\\\/wp-content\\\/uploads\\\/admin-ajax.php_.png\",\"width\":400,\"height\":50,\"caption\":\"SPECJALISTYCZNA PORADNIA PSYCHOLOGICZNO-PEDAGOGICZNA DLA DZIECI I M\u0141ODZIE\u017bY Z ZABURZENIAMI EMOCJONALNYMI\"},\"image\":{\"@id\":\"https:\\\/\\\/sppp.bialystok.pl\\\/#\\\/schema\\\/logo\\\/image\\\/\"}}]}<\/script>\n<!-- \/ Yoast SEO plugin. -->","yoast_head_json":{"title":"WSPARCIE DLA DZIECI Z UKRAINY I ICH RODZIC\u00d3W (OPIEKUN\u00d3W) - SPECJALISTYCZNA PORADNIA PSYCHOLOGICZNO-PEDAGOGICZNA DLA DZIECI I M\u0141ODZIE\u017bY Z ZABURZENIAMI EMOCJONALNYMI","robots":{"index":"index","follow":"follow","max-snippet":"max-snippet:-1","max-image-preview":"max-image-preview:large","max-video-preview":"max-video-preview:-1"},"canonical":"https:\/\/sppp.bialystok.pl\/?page_id=1209","og_locale":"pl_PL","og_type":"article","og_title":"WSPARCIE DLA DZIECI Z UKRAINY I ICH RODZIC\u00d3W (OPIEKUN\u00d3W) - SPECJALISTYCZNA PORADNIA PSYCHOLOGICZNO-PEDAGOGICZNA DLA DZIECI I M\u0141ODZIE\u017bY Z ZABURZENIAMI EMOCJONALNYMI","og_description":"Specjalistyczna Poradnia Psychologiczno-Pedagogiczna dla Dzieci i M\u0142odzie\u017cy z Zaburzeniami Emocjonalnymi w Bia\u0142ymstoku we wsp\u00f3\u0142pracy z M\u0142odzie\u017cowym Domem Kultury w Bia\u0142ymstoku przeprowadzi\u0142a pod koniec listopada 2022 roku warsztaty pod tytu\u0142em ,,Kartka \u015bwi\u0105teczna dla przyjaciela z Ukrainy\u201d. Dzieci i m\u0142odzie\u017c z pracowni plastycznej\u00a0 Inspiracje mia\u0142a mo\u017cliwo\u015b\u0107 pozna\u0107 nowe techniki,\u00a0 rozwin\u0105\u0107 swoj\u0105 kreatywno\u015b\u0107, wyobra\u017ani\u0119 tworz\u0105c kartki z wykorzystaniem r\u00f3\u017cnorodnych materia\u0142\u00f3w i narz\u0119dzi. Spotkanie [&hellip;]","og_url":"https:\/\/sppp.bialystok.pl\/?page_id=1209","og_site_name":"SPECJALISTYCZNA PORADNIA PSYCHOLOGICZNO-PEDAGOGICZNA DLA DZIECI I M\u0141ODZIE\u017bY Z ZABURZENIAMI EMOCJONALNYMI","article_modified_time":"2022-12-14T22:03:36+00:00","og_image":[{"url":"https:\/\/serwer1711885.home.pl\/autoinstalator\/wordpress3\/wp-content\/uploads\/20221125_185230.jpg","type":"","width":"","height":""}],"twitter_card":"summary_large_image","twitter_misc":{"Szacowany czas czytania":"2 minuty"},"schema":{"@context":"https:\/\/schema.org","@graph":[{"@type":"WebPage","@id":"https:\/\/sppp.bialystok.pl\/?page_id=1209","url":"https:\/\/sppp.bialystok.pl\/?page_id=1209","name":"WSPARCIE DLA DZIECI Z UKRAINY I ICH RODZIC\u00d3W (OPIEKUN\u00d3W) - SPECJALISTYCZNA PORADNIA PSYCHOLOGICZNO-PEDAGOGICZNA DLA DZIECI I M\u0141ODZIE\u017bY Z ZABURZENIAMI EMOCJONALNYMI","isPartOf":{"@id":"https:\/\/sppp.bialystok.pl\/#website"},"primaryImageOfPage":{"@id":"https:\/\/sppp.bialystok.pl\/?page_id=1209#primaryimage"},"image":{"@id":"https:\/\/sppp.bialystok.pl\/?page_id=1209#primaryimage"},"thumbnailUrl":"https:\/\/serwer1711885.home.pl\/autoinstalator\/wordpress3\/wp-content\/uploads\/1-2-e1671054638796.jpg","datePublished":"2022-12-14T21:53:06+00:00","dateModified":"2022-12-14T22:03:36+00:00","breadcrumb":{"@id":"https:\/\/sppp.bialystok.pl\/?page_id=1209#breadcrumb"},"inLanguage":"pl-PL","potentialAction":[{"@type":"ReadAction","target":["https:\/\/sppp.bialystok.pl\/?page_id=1209"]}]},{"@type":"ImageObject","inLanguage":"pl-PL","@id":"https:\/\/sppp.bialystok.pl\/?page_id=1209#primaryimage","url":"https:\/\/serwer1711885.home.pl\/autoinstalator\/wordpress3\/wp-content\/uploads\/1-2-e1671054638796.jpg","contentUrl":"https:\/\/serwer1711885.home.pl\/autoinstalator\/wordpress3\/wp-content\/uploads\/1-2-e1671054638796.jpg"},{"@type":"BreadcrumbList","@id":"https:\/\/sppp.bialystok.pl\/?page_id=1209#breadcrumb","itemListElement":[{"@type":"ListItem","position":1,"name":"Strona g\u0142\u00f3wna","item":"https:\/\/sppp.bialystok.pl\/"},{"@type":"ListItem","position":2,"name":"WSPARCIE DLA DZIECI Z UKRAINY I ICH RODZIC\u00d3W (OPIEKUN\u00d3W)"}]},{"@type":"WebSite","@id":"https:\/\/sppp.bialystok.pl\/#website","url":"https:\/\/sppp.bialystok.pl\/","name":"SPECJALISTYCZNA PORADNIA PSYCHOLOGICZNO-PEDAGOGICZNA DLA DZIECI I M\u0141ODZIE\u017bY Z ZABURZENIAMI EMOCJONALNYMI","description":"","publisher":{"@id":"https:\/\/sppp.bialystok.pl\/#organization"},"potentialAction":[{"@type":"SearchAction","target":{"@type":"EntryPoint","urlTemplate":"https:\/\/sppp.bialystok.pl\/?s={search_term_string}"},"query-input":{"@type":"PropertyValueSpecification","valueRequired":true,"valueName":"search_term_string"}}],"inLanguage":"pl-PL"},{"@type":"Organization","@id":"https:\/\/sppp.bialystok.pl\/#organization","name":"SPECJALISTYCZNA PORADNIA PSYCHOLOGICZNO-PEDAGOGICZNA DLA DZIECI I M\u0141ODZIE\u017bY Z ZABURZENIAMI EMOCJONALNYMI","url":"https:\/\/sppp.bialystok.pl\/","logo":{"@type":"ImageObject","inLanguage":"pl-PL","@id":"https:\/\/sppp.bialystok.pl\/#\/schema\/logo\/image\/","url":"https:\/\/serwer1711885.home.pl\/autoinstalator\/wordpress3\/wp-content\/uploads\/admin-ajax.php_.png","contentUrl":"https:\/\/serwer1711885.home.pl\/autoinstalator\/wordpress3\/wp-content\/uploads\/admin-ajax.php_.png","width":400,"height":50,"caption":"SPECJALISTYCZNA PORADNIA PSYCHOLOGICZNO-PEDAGOGICZNA DLA DZIECI I M\u0141ODZIE\u017bY Z ZABURZENIAMI EMOCJONALNYMI"},"image":{"@id":"https:\/\/sppp.bialystok.pl\/#\/schema\/logo\/image\/"}}]}},"_links":{"self":[{"href":"https:\/\/sppp.bialystok.pl\/index.php?rest_route=\/wp\/v2\/pages\/1209","targetHints":{"allow":["GET"]}}],"collection":[{"href":"https:\/\/sppp.bialystok.pl\/index.php?rest_route=\/wp\/v2\/pages"}],"about":[{"href":"https:\/\/sppp.bialystok.pl\/index.php?rest_route=\/wp\/v2\/types\/page"}],"author":[{"embeddable":true,"href":"https:\/\/sppp.bialystok.pl\/index.php?rest_route=\/wp\/v2\/users\/1"}],"replies":[{"embeddable":true,"href":"https:\/\/sppp.bialystok.pl\/index.php?rest_route=%2Fwp%2Fv2%2Fcomments&post=1209"}],"version-history":[{"count":1,"href":"https:\/\/sppp.bialystok.pl\/index.php?rest_route=\/wp\/v2\/pages\/1209\/revisions"}],"predecessor-version":[{"id":1226,"href":"https:\/\/sppp.bialystok.pl\/index.php?rest_route=\/wp\/v2\/pages\/1209\/revisions\/1226"}],"wp:attachment":[{"href":"https:\/\/sppp.bialystok.pl\/index.php?rest_route=%2Fwp%2Fv2%2Fmedia&parent=1209"}],"curies":[{"name":"wp","href":"https:\/\/api.w.org\/{rel}","templated":true}]}}