{"id":1190,"date":"2022-11-22T08:48:45","date_gmt":"2022-11-22T07:48:45","guid":{"rendered":"https:\/\/sppp.bialystok.pl\/?page_id=1190"},"modified":"2026-04-14T12:24:30","modified_gmt":"2026-04-14T11:24:30","slug":"programy","status":"publish","type":"page","link":"https:\/\/sppp.bialystok.pl\/?page_id=1190","title":{"rendered":"Projekty"},"content":{"rendered":"<p><a href=\"https:\/\/sppp.bialystok.pl\/?page_id=1311\">Perspektywa 3P dla Wojew\u00f3dztwa podlaskiego<\/a><\/p>\n<p><a href=\"https:\/\/sppp.bialystok.pl\/?p=1268\">Informator o plac\u00f3wkach pomocowych<\/a><\/p>\n<p><a href=\"https:\/\/sppp.bialystok.pl\/?page_id=1209\">WSPARCIE DLA DZIECI Z UKRAINY I ICH RODZIC\u00d3W (OPIEKUN\u00d3W)<\/a><\/p>\n<p><a href=\"https:\/\/sppp.bialystok.pl\/?page_id=1206\">\u201eSZKOLENIA I DORADZTWO DLA KADR PORADNICTWA PSYCHOLOGICZNO \u2013 PEDAGOGICZNEGO W WOJEW\u00d3DZTWIE PODLASKIM\u201d<\/a><\/p>\n<p>&nbsp;<\/p>\n","protected":false},"excerpt":{"rendered":"<p>Perspektywa 3P dla Wojew\u00f3dztwa podlaskiego Informator o plac\u00f3wkach pomocowych WSPARCIE DLA DZIECI Z UKRAINY I ICH RODZIC\u00d3W (OPIEKUN\u00d3W) \u201eSZKOLENIA I DORADZTWO DLA KADR PORADNICTWA PSYCHOLOGICZNO \u2013 PEDAGOGICZNEGO W WOJEW\u00d3DZTWIE PODLASKIM\u201d &nbsp;<\/p>\n","protected":false},"author":1,"featured_media":0,"parent":0,"menu_order":0,"comment_status":"closed","ping_status":"closed","template":"","meta":{"footnotes":""},"class_list":["post-1190","page","type-page","status-publish","hentry"],"yoast_head":"<!-- This site is optimized with the Yoast SEO plugin v27.5 - https:\/\/yoast.com\/product\/yoast-seo-wordpress\/ -->\n<title>Projekty - SPECJALISTYCZNA PORADNIA PSYCHOLOGICZNO-PEDAGOGICZNA DLA DZIECI I M\u0141ODZIE\u017bY Z ZABURZENIAMI EMOCJONALNYMI<\/title>\n<meta name=\"robots\" content=\"index, follow, max-snippet:-1, max-image-preview:large, max-video-preview:-1\" \/>\n<link rel=\"canonical\" href=\"https:\/\/sppp.bialystok.pl\/?page_id=1190\" \/>\n<meta property=\"og:locale\" content=\"pl_PL\" \/>\n<meta property=\"og:type\" content=\"article\" \/>\n<meta property=\"og:title\" content=\"Projekty - SPECJALISTYCZNA PORADNIA PSYCHOLOGICZNO-PEDAGOGICZNA DLA DZIECI I M\u0141ODZIE\u017bY Z ZABURZENIAMI EMOCJONALNYMI\" \/>\n<meta property=\"og:description\" content=\"Perspektywa 3P dla Wojew\u00f3dztwa podlaskiego Informator o plac\u00f3wkach pomocowych WSPARCIE DLA DZIECI Z UKRAINY I ICH RODZIC\u00d3W (OPIEKUN\u00d3W) \u201eSZKOLENIA I DORADZTWO DLA KADR PORADNICTWA PSYCHOLOGICZNO \u2013 PEDAGOGICZNEGO W WOJEW\u00d3DZTWIE PODLASKIM\u201d &nbsp;\" \/>\n<meta property=\"og:url\" content=\"https:\/\/sppp.bialystok.pl\/?page_id=1190\" \/>\n<meta property=\"og:site_name\" content=\"SPECJALISTYCZNA PORADNIA PSYCHOLOGICZNO-PEDAGOGICZNA DLA DZIECI I M\u0141ODZIE\u017bY Z ZABURZENIAMI EMOCJONALNYMI\" \/>\n<meta property=\"article:modified_time\" content=\"2026-04-14T11:24:30+00:00\" \/>\n<meta name=\"twitter:card\" content=\"summary_large_image\" \/>\n<meta name=\"twitter:label1\" content=\"Szacowany czas czytania\" \/>\n\t<meta name=\"twitter:data1\" content=\"1 minuta\" \/>\n<script type=\"application\/ld+json\" class=\"yoast-schema-graph\">{\"@context\":\"https:\\\/\\\/schema.org\",\"@graph\":[{\"@type\":\"WebPage\",\"@id\":\"https:\\\/\\\/sppp.bialystok.pl\\\/?page_id=1190\",\"url\":\"https:\\\/\\\/sppp.bialystok.pl\\\/?page_id=1190\",\"name\":\"Projekty - SPECJALISTYCZNA PORADNIA PSYCHOLOGICZNO-PEDAGOGICZNA DLA DZIECI I M\u0141ODZIE\u017bY Z ZABURZENIAMI EMOCJONALNYMI\",\"isPartOf\":{\"@id\":\"https:\\\/\\\/sppp.bialystok.pl\\\/#website\"},\"datePublished\":\"2022-11-22T07:48:45+00:00\",\"dateModified\":\"2026-04-14T11:24:30+00:00\",\"breadcrumb\":{\"@id\":\"https:\\\/\\\/sppp.bialystok.pl\\\/?page_id=1190#breadcrumb\"},\"inLanguage\":\"pl-PL\",\"potentialAction\":[{\"@type\":\"ReadAction\",\"target\":[\"https:\\\/\\\/sppp.bialystok.pl\\\/?page_id=1190\"]}]},{\"@type\":\"BreadcrumbList\",\"@id\":\"https:\\\/\\\/sppp.bialystok.pl\\\/?page_id=1190#breadcrumb\",\"itemListElement\":[{\"@type\":\"ListItem\",\"position\":1,\"name\":\"Strona g\u0142\u00f3wna\",\"item\":\"https:\\\/\\\/sppp.bialystok.pl\\\/\"},{\"@type\":\"ListItem\",\"position\":2,\"name\":\"Projekty\"}]},{\"@type\":\"WebSite\",\"@id\":\"https:\\\/\\\/sppp.bialystok.pl\\\/#website\",\"url\":\"https:\\\/\\\/sppp.bialystok.pl\\\/\",\"name\":\"SPECJALISTYCZNA PORADNIA PSYCHOLOGICZNO-PEDAGOGICZNA DLA DZIECI I M\u0141ODZIE\u017bY Z ZABURZENIAMI EMOCJONALNYMI\",\"description\":\"\",\"publisher\":{\"@id\":\"https:\\\/\\\/sppp.bialystok.pl\\\/#organization\"},\"potentialAction\":[{\"@type\":\"SearchAction\",\"target\":{\"@type\":\"EntryPoint\",\"urlTemplate\":\"https:\\\/\\\/sppp.bialystok.pl\\\/?s={search_term_string}\"},\"query-input\":{\"@type\":\"PropertyValueSpecification\",\"valueRequired\":true,\"valueName\":\"search_term_string\"}}],\"inLanguage\":\"pl-PL\"},{\"@type\":\"Organization\",\"@id\":\"https:\\\/\\\/sppp.bialystok.pl\\\/#organization\",\"name\":\"SPECJALISTYCZNA PORADNIA PSYCHOLOGICZNO-PEDAGOGICZNA DLA DZIECI I M\u0141ODZIE\u017bY Z ZABURZENIAMI EMOCJONALNYMI\",\"url\":\"https:\\\/\\\/sppp.bialystok.pl\\\/\",\"logo\":{\"@type\":\"ImageObject\",\"inLanguage\":\"pl-PL\",\"@id\":\"https:\\\/\\\/sppp.bialystok.pl\\\/#\\\/schema\\\/logo\\\/image\\\/\",\"url\":\"https:\\\/\\\/serwer1711885.home.pl\\\/autoinstalator\\\/wordpress3\\\/wp-content\\\/uploads\\\/admin-ajax.php_.png\",\"contentUrl\":\"https:\\\/\\\/serwer1711885.home.pl\\\/autoinstalator\\\/wordpress3\\\/wp-content\\\/uploads\\\/admin-ajax.php_.png\",\"width\":400,\"height\":50,\"caption\":\"SPECJALISTYCZNA PORADNIA PSYCHOLOGICZNO-PEDAGOGICZNA DLA DZIECI I M\u0141ODZIE\u017bY Z ZABURZENIAMI EMOCJONALNYMI\"},\"image\":{\"@id\":\"https:\\\/\\\/sppp.bialystok.pl\\\/#\\\/schema\\\/logo\\\/image\\\/\"}}]}<\/script>\n<!-- \/ Yoast SEO plugin. -->","yoast_head_json":{"title":"Projekty - SPECJALISTYCZNA PORADNIA PSYCHOLOGICZNO-PEDAGOGICZNA DLA DZIECI I M\u0141ODZIE\u017bY Z ZABURZENIAMI EMOCJONALNYMI","robots":{"index":"index","follow":"follow","max-snippet":"max-snippet:-1","max-image-preview":"max-image-preview:large","max-video-preview":"max-video-preview:-1"},"canonical":"https:\/\/sppp.bialystok.pl\/?page_id=1190","og_locale":"pl_PL","og_type":"article","og_title":"Projekty - SPECJALISTYCZNA PORADNIA PSYCHOLOGICZNO-PEDAGOGICZNA DLA DZIECI I M\u0141ODZIE\u017bY Z ZABURZENIAMI EMOCJONALNYMI","og_description":"Perspektywa 3P dla Wojew\u00f3dztwa podlaskiego Informator o plac\u00f3wkach pomocowych WSPARCIE DLA DZIECI Z UKRAINY I ICH RODZIC\u00d3W (OPIEKUN\u00d3W) \u201eSZKOLENIA I DORADZTWO DLA KADR PORADNICTWA PSYCHOLOGICZNO \u2013 PEDAGOGICZNEGO W WOJEW\u00d3DZTWIE PODLASKIM\u201d &nbsp;","og_url":"https:\/\/sppp.bialystok.pl\/?page_id=1190","og_site_name":"SPECJALISTYCZNA PORADNIA PSYCHOLOGICZNO-PEDAGOGICZNA DLA DZIECI I M\u0141ODZIE\u017bY Z ZABURZENIAMI EMOCJONALNYMI","article_modified_time":"2026-04-14T11:24:30+00:00","twitter_card":"summary_large_image","twitter_misc":{"Szacowany czas czytania":"1 minuta"},"schema":{"@context":"https:\/\/schema.org","@graph":[{"@type":"WebPage","@id":"https:\/\/sppp.bialystok.pl\/?page_id=1190","url":"https:\/\/sppp.bialystok.pl\/?page_id=1190","name":"Projekty - SPECJALISTYCZNA PORADNIA PSYCHOLOGICZNO-PEDAGOGICZNA DLA DZIECI I M\u0141ODZIE\u017bY Z ZABURZENIAMI EMOCJONALNYMI","isPartOf":{"@id":"https:\/\/sppp.bialystok.pl\/#website"},"datePublished":"2022-11-22T07:48:45+00:00","dateModified":"2026-04-14T11:24:30+00:00","breadcrumb":{"@id":"https:\/\/sppp.bialystok.pl\/?page_id=1190#breadcrumb"},"inLanguage":"pl-PL","potentialAction":[{"@type":"ReadAction","target":["https:\/\/sppp.bialystok.pl\/?page_id=1190"]}]},{"@type":"BreadcrumbList","@id":"https:\/\/sppp.bialystok.pl\/?page_id=1190#breadcrumb","itemListElement":[{"@type":"ListItem","position":1,"name":"Strona g\u0142\u00f3wna","item":"https:\/\/sppp.bialystok.pl\/"},{"@type":"ListItem","position":2,"name":"Projekty"}]},{"@type":"WebSite","@id":"https:\/\/sppp.bialystok.pl\/#website","url":"https:\/\/sppp.bialystok.pl\/","name":"SPECJALISTYCZNA PORADNIA PSYCHOLOGICZNO-PEDAGOGICZNA DLA DZIECI I M\u0141ODZIE\u017bY Z ZABURZENIAMI EMOCJONALNYMI","description":"","publisher":{"@id":"https:\/\/sppp.bialystok.pl\/#organization"},"potentialAction":[{"@type":"SearchAction","target":{"@type":"EntryPoint","urlTemplate":"https:\/\/sppp.bialystok.pl\/?s={search_term_string}"},"query-input":{"@type":"PropertyValueSpecification","valueRequired":true,"valueName":"search_term_string"}}],"inLanguage":"pl-PL"},{"@type":"Organization","@id":"https:\/\/sppp.bialystok.pl\/#organization","name":"SPECJALISTYCZNA PORADNIA PSYCHOLOGICZNO-PEDAGOGICZNA DLA DZIECI I M\u0141ODZIE\u017bY Z ZABURZENIAMI EMOCJONALNYMI","url":"https:\/\/sppp.bialystok.pl\/","logo":{"@type":"ImageObject","inLanguage":"pl-PL","@id":"https:\/\/sppp.bialystok.pl\/#\/schema\/logo\/image\/","url":"https:\/\/serwer1711885.home.pl\/autoinstalator\/wordpress3\/wp-content\/uploads\/admin-ajax.php_.png","contentUrl":"https:\/\/serwer1711885.home.pl\/autoinstalator\/wordpress3\/wp-content\/uploads\/admin-ajax.php_.png","width":400,"height":50,"caption":"SPECJALISTYCZNA PORADNIA PSYCHOLOGICZNO-PEDAGOGICZNA DLA DZIECI I M\u0141ODZIE\u017bY Z ZABURZENIAMI EMOCJONALNYMI"},"image":{"@id":"https:\/\/sppp.bialystok.pl\/#\/schema\/logo\/image\/"}}]}},"_links":{"self":[{"href":"https:\/\/sppp.bialystok.pl\/index.php?rest_route=\/wp\/v2\/pages\/1190","targetHints":{"allow":["GET"]}}],"collection":[{"href":"https:\/\/sppp.bialystok.pl\/index.php?rest_route=\/wp\/v2\/pages"}],"about":[{"href":"https:\/\/sppp.bialystok.pl\/index.php?rest_route=\/wp\/v2\/types\/page"}],"author":[{"embeddable":true,"href":"https:\/\/sppp.bialystok.pl\/index.php?rest_route=\/wp\/v2\/users\/1"}],"replies":[{"embeddable":true,"href":"https:\/\/sppp.bialystok.pl\/index.php?rest_route=%2Fwp%2Fv2%2Fcomments&post=1190"}],"version-history":[{"count":9,"href":"https:\/\/sppp.bialystok.pl\/index.php?rest_route=\/wp\/v2\/pages\/1190\/revisions"}],"predecessor-version":[{"id":1314,"href":"https:\/\/sppp.bialystok.pl\/index.php?rest_route=\/wp\/v2\/pages\/1190\/revisions\/1314"}],"wp:attachment":[{"href":"https:\/\/sppp.bialystok.pl\/index.php?rest_route=%2Fwp%2Fv2%2Fmedia&parent=1190"}],"curies":[{"name":"wp","href":"https:\/\/api.w.org\/{rel}","templated":true}]}}

<p><a href="https://sppp.bialystok.pl/?page_id=1311">Perspektywa 3P dla Województwa podlaskiego</a></p>
<p><a href="https://sppp.bialystok.pl/?p=1268">Informator o placówkach pomocowych</a></p>
<p><a href="https://sppp.bialystok.pl/?page_id=1209">WSPARCIE DLA DZIECI Z UKRAINY I ICH RODZICÓW (OPIEKUNÓW)</a></p>
<p><a href="https://sppp.bialystok.pl/?page_id=1206">„SZKOLENIA I DORADZTWO DLA KADR PORADNICTWA PSYCHOLOGICZNO – PEDAGOGICZNEGO W WOJEWÓDZTWIE PODLASKIM”</a></p>
<p>&nbsp;</p>

<p>Perspektywa 3P dla Województwa podlaskiego Informator o placówkach pomocowych WSPARCIE DLA DZIECI Z UKRAINY I ICH RODZICÓW (OPIEKUNÓW) „SZKOLENIA I DORADZTWO DLA KADR PORADNICTWA PSYCHOLOGICZNO – PEDAGOGICZNEGO W WOJEWÓDZTWIE PODLASKIM” &nbsp;</p>

<!-- This site is optimized with the Yoast SEO plugin v27.5 - https://yoast.com/product/yoast-seo-wordpress/ -->
<title>Projekty - SPECJALISTYCZNA PORADNIA PSYCHOLOGICZNO-PEDAGOGICZNA DLA DZIECI I MŁODZIEŻY Z ZABURZENIAMI EMOCJONALNYMI</title>
<meta name="robots" content="index, follow, max-snippet:-1, max-image-preview:large, max-video-preview:-1" />
<link rel="canonical" href="https://sppp.bialystok.pl/?page_id=1190" />
<meta property="og:locale" content="pl_PL" />
<meta property="og:type" content="article" />
<meta property="og:title" content="Projekty - SPECJALISTYCZNA PORADNIA PSYCHOLOGICZNO-PEDAGOGICZNA DLA DZIECI I MŁODZIEŻY Z ZABURZENIAMI EMOCJONALNYMI" />
<meta property="og:description" content="Perspektywa 3P dla Województwa podlaskiego Informator o placówkach pomocowych WSPARCIE DLA DZIECI Z UKRAINY I ICH RODZICÓW (OPIEKUNÓW) „SZKOLENIA I DORADZTWO DLA KADR PORADNICTWA PSYCHOLOGICZNO – PEDAGOGICZNEGO W WOJEWÓDZTWIE PODLASKIM” &nbsp;" />
<meta property="og:url" content="https://sppp.bialystok.pl/?page_id=1190" />
<meta property="og:site_name" content="SPECJALISTYCZNA PORADNIA PSYCHOLOGICZNO-PEDAGOGICZNA DLA DZIECI I MŁODZIEŻY Z ZABURZENIAMI EMOCJONALNYMI" />
<meta property="article:modified_time" content="2026-04-14T11:24:30+00:00" />
<meta name="twitter:card" content="summary_large_image" />
<meta name="twitter:label1" content="Szacowany czas czytania" />
	<meta name="twitter:data1" content="1 minuta" />
<script type="application/ld+json" class="yoast-schema-graph">{"@context":"https:\/\/schema.org","@graph":[{"@type":"WebPage","@id":"https:\/\/sppp.bialystok.pl\/?page_id=1190","url":"https:\/\/sppp.bialystok.pl\/?page_id=1190","name":"Projekty - SPECJALISTYCZNA PORADNIA PSYCHOLOGICZNO-PEDAGOGICZNA DLA DZIECI I MŁODZIEŻY Z ZABURZENIAMI EMOCJONALNYMI","isPartOf":{"@id":"https:\/\/sppp.bialystok.pl\/#website"},"datePublished":"2022-11-22T07:48:45+00:00","dateModified":"2026-04-14T11:24:30+00:00","breadcrumb":{"@id":"https:\/\/sppp.bialystok.pl\/?page_id=1190#breadcrumb"},"inLanguage":"pl-PL","potentialAction":[{"@type":"ReadAction","target":["https:\/\/sppp.bialystok.pl\/?page_id=1190"]}]},{"@type":"BreadcrumbList","@id":"https:\/\/sppp.bialystok.pl\/?page_id=1190#breadcrumb","itemListElement":[{"@type":"ListItem","position":1,"name":"Strona główna","item":"https:\/\/sppp.bialystok.pl\/"},{"@type":"ListItem","position":2,"name":"Projekty"}]},{"@type":"WebSite","@id":"https:\/\/sppp.bialystok.pl\/#website","url":"https:\/\/sppp.bialystok.pl\/","name":"SPECJALISTYCZNA PORADNIA PSYCHOLOGICZNO-PEDAGOGICZNA DLA DZIECI I MŁODZIEŻY Z ZABURZENIAMI EMOCJONALNYMI","description":"","publisher":{"@id":"https:\/\/sppp.bialystok.pl\/#organization"},"potentialAction":[{"@type":"SearchAction","target":{"@type":"EntryPoint","urlTemplate":"https:\/\/sppp.bialystok.pl\/?s={search_term_string}"},"query-input":{"@type":"PropertyValueSpecification","valueRequired":true,"valueName":"search_term_string"}}],"inLanguage":"pl-PL"},{"@type":"Organization","@id":"https:\/\/sppp.bialystok.pl\/#organization","name":"SPECJALISTYCZNA PORADNIA PSYCHOLOGICZNO-PEDAGOGICZNA DLA DZIECI I MŁODZIEŻY Z ZABURZENIAMI EMOCJONALNYMI","url":"https:\/\/sppp.bialystok.pl\/","logo":{"@type":"ImageObject","inLanguage":"pl-PL","@id":"https:\/\/sppp.bialystok.pl\/#\/schema\/logo\/image\/","url":"https:\/\/serwer1711885.home.pl\/autoinstalator\/wordpress3\/wp-content\/uploads\/admin-ajax.php_.png","contentUrl":"https:\/\/serwer1711885.home.pl\/autoinstalator\/wordpress3\/wp-content\/uploads\/admin-ajax.php_.png","width":400,"height":50,"caption":"SPECJALISTYCZNA PORADNIA PSYCHOLOGICZNO-PEDAGOGICZNA DLA DZIECI I MŁODZIEŻY Z ZABURZENIAMI EMOCJONALNYMI"},"image":{"@id":"https:\/\/sppp.bialystok.pl\/#\/schema\/logo\/image\/"}}]}</script>
<!-- / Yoast SEO plugin. -->

Projekty - SPECJALISTYCZNA PORADNIA PSYCHOLOGICZNO-PEDAGOGICZNA DLA DZIECI I MŁODZIEŻY Z ZABURZENIAMI EMOCJONALNYMI

Perspektywa 3P dla Województwa podlaskiego Informator o placówkach pomocowych WSPARCIE DLA DZIECI Z UKRAINY I ICH RODZICÓW (OPIEKUNÓW) „SZKOLENIA I DORADZTWO DLA KADR PORADNICTWA PSYCHOLOGICZNO – PEDAGOGICZNEGO W WOJEWÓDZTWIE PODLASKIM” &nbsp;

SPECJALISTYCZNA PORADNIA PSYCHOLOGICZNO-PEDAGOGICZNA DLA DZIECI I MŁODZIEŻY Z ZABURZENIAMI EMOCJONALNYMI

Strona główna
